e first derivative of h**2/2 + 10*h + 4. Let x = -4 - 4. Calculate the remainder when d(x) is divided by 2.
0
Suppose 2*r = 3*n - 311, 54 = 2*r + n + 345. Let j = r - -201. What is the remainder when 207 is divided by j?
48
Let d = -273 - -363. What is the remainder when d is divided by 38?
14
Let c = 16 - 2. Let n = -15 + 36. What is the remainder when n is divided by c?
7
What is the remainder when 12/(23/12 - 15/9) is divided by 11?
4
Suppose 23 = -y + 28. What is the remainder when 18 is divided by y?
3
Let u(l) = -9*l**3 - 2*l**2 + 5. What is the remainder when u(-2) is divided by 23?
0
Let f = -169 - -183. Calculate the remainder when (4/f)/(8/728) is divided by (12/10)/(1/5).
2
Let n = 113 - 68. Calculate the remainder when (7 + (-285)/60)/((-3)/(-176)) is divided by n.
42
Let i = -22362 + 22381. Calculate the remainder when ((-20)/2)/(4/(-30)) is divided by i.
18
Suppose -4*z - 267 = -5*a, 0*a + 65 = a + 5*z. Suppose f - 17 = -x, 4*x = 5*f + a + 4. What is the remainder when x is divided by 9?
7
Let o(c) be the first derivative of -1/3*c**3 - 7*c + 2 + 13/2*c**2. Calculate the remainder when o(6) is divided by 12.
11
Let r(v) = -2*v + 24. Let m be r(11). Suppose 4*d + 112 = 4*p, m*p - p = 3*d + 30. What is the remainder when 78 is divided by p?
24
Let s = 28 + -28. Suppose 9*g - 12*g + 9 = s. What is the remainder when 59 is divided by ((-135)/(-12))/(g/8)?
29
Let g = 2517 + -1797. What is the remainder when g is divided by 29?
24
Let g(y) = -y**3 + 15*y**2 + 54*y + 27. Calculate the remainder when 260 is divided by g(18).
17
Let r = -33 - -52. Suppose 3*h - 108 = 4*u, -3*u = 2*h - 0*h + 64. Let n = -13 - u. Calculate the remainder when r is divided by n.
8
Let j = 0 + 2. Suppose j*z + 2 = 10. Suppose 5*v - 30 = -z*w, 2*v - 1 = -3*w + 11. What is the remainder when 20 is divided by v?
2
Suppose 5*j = -5*w + 430, 4*j - 2*w - 205 = 163. Let v be (3 + 0 - 3)/(-1). Let h = 23 + v. What is the remainder when j is divided by h?
21
Suppose 0 = -3*q - 5*c + 19, 2*q = 2*c + 26 - 8. Suppose 24 = 8*a + 8. Suppose -a*t = -30 - 64. Calculate the remainder when t is divided by q.
7
Suppose 46 = 3*h - 188. Let k = -85 + 86. Calculate the remainder when h is divided by (-6 - (-3 + -22)) + k + -4.
14
Suppose 65*z - 20384 = 16406. What is the remainder when z is divided by 114?
110
Let m = -326 + 353. Calculate the remainder when 213 is divided by m.
24
What is the remainder when 223 is divided by ((-25)/10)/((-65)/1898)?
4
Let c(o) = -76*o - 25. Calculate the remainder when 253 is divided by c(-1).
49
Suppose -4*r + 43 = 5*m + 3, 3*r + 2*m = 37. Suppose 4*i - 11 = -y, -2*y + 6 = -i + 2. Suppose -f + 26 + y = 0. Calculate the remainder when f is divided by r.
14
Let d(v) = -4*v - 28. Calculate the remainder when d(-13) is divided by (17/(425/30))/((-6)/(-20)).
0
Let w(u) = 0*u + 2*u - 6 - u**2 + 5 + 0*u**2 - 3*u**3. Suppose -208 = 13*x - 572. Calculate the remainder when x is divided by w(-2).
13
Let a be 272/64 - (-2)/(-8). Suppose -13 = -h - a. Calculate the remainder when (2/5)/((-1)/(-60)) is divided by h.
6
Suppose -72*x - 448 = -88*x. Calculate the remainder when 81 is divided by x.
25
Let b(l) = l + 1. Let u(h) = -5*h - 14. Let x(q) = -2*b(q) + u(q). What is the remainder when 19 is divided by x(-3)?
4
Let d(x) = 2*x**2 + 85*x + 415. Let w(m) = -14*m - 2. What is the remainder when d(-38) is divided by w(-2)?
21
Calculate the remainder when (51/12)/((-57)/(-1824)) is divided by 97.
39
Let a(y) = 5*y + 19 - 21*y - 11. What is the remainder when a(-6) is divided by 21?
20
Let w(m) = 18*m - 154. Calculate the remainder when w(10) is divided by 11.
4
Suppose -2*a - 3*a + 675 = 0. Suppose 5*u + a = 460. Calculate the remainder when u is divided by 17.
14
Suppose 0 = 3*p - 1 - 2. Let v(a) = 39*a**3 - 3*a + 2. Calculate the remainder when 146 is divided by v(p).
32
Let h(k) = 3*k**2 - 1. Let l = -24 - -25. Let i be h(l). Suppose -r = i*r - 4*b - 176, 5*b = r - 66. What is the remainder when r is divided by 20?
16
Let p(y) = -y**3 + 3*y**2 - 2*y + 11. Let i(g) = -g - 8. Let k be i(-11). Calculate the remainder when (-4)/6*-3 - -20 is divided by p(k).
2
Let z = 36 + -107. Let t = z - -78. Calculate the remainder when 25 is divided by t.
4
Let b(w) = w**3 - 7*w**2 + 5*w + 3. Let j be b(7). Let p = 17 - 38. Let a = p + j. What is the remainder when a is divided by 5?
2
Let x = 32 + -28. Suppose x*y = -12 + 28. Suppose 2*a - 8 = 0, 2*t = y*a + a + 20. Calculate the remainder when 58 is divided by t.
18
Suppose -6 + 10 = -n. What is the remainder when 112 is divided by -4 + n + 5 + 26?
20
What is the remainder when 455 is divided by (-783)/(-36) + 13/52?
15
Suppose 0 = 6*v - 5*v + 4*k - 71, 0 = 5*v - k - 334. Calculate the remainder when v is divided by 30/8*8/3.
7
Suppose 3*q - 7 = -1. Suppose -3*l = q*l - 60. Calculate the remainder when (1734/357)/((-4)/(-42)*3) is divided by l.
5
Suppose -7*g + 913 = -774. What is the remainder when g is divided by 35?
31
Let u(c) = -c + 59. What is the remainder when u(6) is divided by 20?
13
Suppose -73*w + 65*w + 1928 = 0. What is the remainder when w is divided by 52?
33
Suppose 0 = -5*w + 10 - 250. Let y = w + 70. Calculate the remainder when y is divided by 13.
9
Suppose 0 + 144 = 16*a. Calculate the remainder when 211 is divided by a.
4
Suppose 111*r = 87*r + 600. Calculate the remainder when 62 is divided by r.
12
Calculate the remainder when (-7)/2*-3*13040/210 is divided by 94.
88
Suppose 0 = -0*f + f - 6. Let i = 9 - -3. Let t = 3 + i. What is the remainder when t is divided by f?
3
Let n(p) = -2*p**3 + p**2 - 3*p. Let u(t) = t**3 + t**2. Let j(o) = n(o) - 5*u(o). What is the remainder when j(-2) is divided by 12?
10
Suppose -2*p - 3*x - x + 12 = 0, -4*p = 2*x - 24. Calculate the remainder when 95 is divided by p.
5
Let r = 3145 + -1268. Calculate the remainder when r is divided by 40.
37
Let t(p) = 6*p - 4. Let y be t(2). Let r(i) be the third derivative of 7*i**4/12 + i**3 - i**2. What is the remainder when r(y) is divided by 30?
28
Let f = 2 - 25. Let i = f + 25. Suppose 3*d = -i*d + 65. What is the remainder when 49 is divided by d?
10
Let u(c) = -c**3 - 3*c**2 + 4*c - 7. Let j be 39/(-21) - (-2)/(-14). Calculate the remainder when (75/20)/(j/(-24)) is divided by u(-5).
22
Suppose 2*t - 23 = -15. Suppose t*x - 232 = -4*u, 0 = 5*u - 5*x + 7*x - 293. What is the remainder when u is divided by 20?
19
Suppose 35 = 2*o + 2*o - w, -o + 5*w = -4. Suppose 4*r = 2*l - 16, -6*l + 3*l - r + 3 = 0. What is the remainder when o is divided by l?
1
Let l(q) = -20*q + 2. Suppose 0 = -4*g - 9 + 5. Calculate the remainder when l(g) is divided by 12.
10
Let n = -1 - -4. Suppose -n*m - 19 - 11 = 0. Let y = 17 + m. What is the remainder when y is divided by 5?
2
Let b = -6 - -21. Suppose 78 - 33 = -44*u + 1277. What is the remainder when u is divided by b?
13
Suppose 16*d = 300 + 244. Calculate the remainder when 99 is divided by d.
31
Let l be 3/6 + 6/(-12). Suppose -w + l = -5. Let x = -5 - -8. What is the remainder when w is divided by x?
2
Let n = -127 + 148. Calculate the remainder when 102 is divided by n.
18
What is the remainder when 372 is divided by 124/(-20)*-5 - -3?
32
Let v(d) = 11*d - 3. Let u be v(1). Let s = 15 - u. Let f(i) = -i**3 + 6*i**2 + 10*i + 3. Calculate the remainder when f(s) is divided by 14.
10
Suppose 3*v - 1892 = g, 5*g + 1876 = -47*v + 50*v. Calculate the remainder when v is divided by 58.
52
Let f = -205 + 207. Calculate the remainder when 16 is divided by f.
0
Let w = -2386 - -2418. Let t be 1*-2*50/(-4). Suppose -2*m = 3*f - t, m + 5*f + 0 = 2. What is the remainder when w is divided by m?
15
Suppose 2*x = -10, 0 = 5*h + 3*x - 5*x + 5. What is the remainder when (((-404)/h)/4)/((-1)/(-3)) is divided by 35?
31
Let i(z) = z**2 + 6*z - 1. Suppose -c = -0*c - 5*f + 20, 3*c + 5*f = 0. Let x be i(c). Calculate the remainder when (-4 - (-51)/(-9))*x is divided by 12.
10
Let w = 20 + -11. Suppose -w - 21 = -5*z. Calculate the remainder when 9 is divided by z.
3
Let i(k) = k**3 - 16*k**2 - 8. Let c be i(16). Calculate the remainder when 109 is divided by (-931)/14*c/14.
33
Suppose 2*j - 3*b = j + 11, -107 = -5*j + 2*b. Suppose 2*s - 81 = j. What is the remainder when s is divided by 11?
8
Suppose 